280*d**2 - 3*d + 9. Is n(j) prime?
False
Let v(w) = -567*w + 10. Let q be v(-18). Suppose -q = 10*p + 1504. Is (0 + -1)/(4692/p - -4) prime?
True
Let w be (-2)/(-9) - (-100)/36. Suppose 2*j - 180 = -j - 3*x, w*x - 241 = -4*j. Is j/(((-8)/20)/(-2)) a prime number?
False
Let r be ((-405909540)/(-207))/4 - (-4)/46. Suppose -7*f - r = -24*f. Is f composite?
False
Suppose 12*b = 36*b + 78816. Is (-6 - b)/2 - -4 a composite number?
True
Let d be (2 - (-4)/(-6))/((-14)/(-39963)). Let p = -2529 + d. Is p composite?
False
Let q be 1369*-9 - (-20)/10. Let z = q + -3701. Is (-4)/(-14) + z/(-84) a prime number?
True
Let l be (5/(-25))/(((-15)/4600325)/3). Suppose -l = -11*t + 137616. Is t composite?
True
Suppose -u - 115722 = -3*q - 32329, -5*q = 2*u - 139003. Is q composite?
False
Let d(j) = j + 26. Let u be d(-21). Suppose 0 = 5*o, -u*r + 3*r - 4*o + 14138 = 0. Is r a composite number?
False
Suppose 5*j - 24 = -4. Let x(c) = 5*c**3 + 50*c**2 - 21*c + 24. Let s(a) = a**3 + 10*a**2 - 4*a + 5. Let d(y) = 11*s(y) - 2*x(y). Is d(j) a prime number?
True
Let g be 29/(-3) + 1/(-3). Let a = 26 + g. Suppose -20*u = -a*u - 852. Is u composite?
True
Let a be (29/(-29))/((-1)/4). Is (-118270)/(-60) - a - 2/12 prime?
False
Let a(r) = -r**3 + 38*r**2 + 80*r + 4. Let g be a(40). Let q be 110/9 + 4/(-18). Suppose -q = -4*d - g, 5*d - 6326 = -4*m. Is m composite?
False
Is 16 - (-5 - (13252 - 14)) composite?
False
Let d = -3964 + -312. Is (-2 - d/2) + -7 composite?
False
Let f be 5/(-3) - (-6)/(-18). Let z be 11/(165/(-10))*30291/f. Suppose 0 = 11*n - 3620 - z. Is n a prime number?
False
Suppose 55*f = 53*f - 3*t + 26953, f + 5*t = 13459. Suppose -9*j + f = -3625. Is j a prime number?
True
Suppose 0 = 32*m - 60*m + 29*m - 36299. Is m a prime number?
True
Suppose u + 30 = 5*y, 0*u + 2*u + 25 = 3*y. Suppose 5*b + r = 685 + 784, 4*b - y*r = 1152. Is b a composite number?
False
Suppose -426 = 9*v - 27390. Let f = 34233 - v. Is f composite?
False
Let i be ((-27)/18)/((-3)/4). Suppose i*b = -a + 217, 655 = 3*a + 3*b + b. Is a a prime number?
False
Suppose -3*u = 5*s - 1075, -2*s + 34*u = 35*u - 429. Suppose -182*j = -186*j + s. Is j a prime number?
True
Suppose -5*w - 4*a = 746, 14*a + 755 = -5*w + 19*a. Is -4*(w/400)/((-6)/(-16196)) prime?
True
Let s(k) = -k**2 + 12*k - 9. Suppose -2*l - 29 = -5*l + y, 9 = -l + 5*y. Let m be s(l). Suppose m*p + 890 = 4*p. Is p prime?
False
Is (2 + -1)/3*(-145939890)/(-290) prime?
True
Is (-216)/390 - (-2)/5 - (-4475180)/52 composite?
True
Suppose -3*q + 14 = -4. Let y be q - (4 + (-1 - 2)). Suppose -4*i + 7982 = y*r, 3*i = 2*i + 5*r + 1983. Is i a prime number?
True
Suppose 2*g - 7*g = -265. Let s = 58 - g. Suppose 2*f - v - 2116 = 0, s*f - 6981 = -5*v - 1706. Is f prime?
False
Let m = -1878176 - -2672864. Is (1/3)/(m/(-88299) + 9) a prime number?
True
Suppose 180*p - i - 216472 = 177*p, i = p - 72158. Is p a composite number?
True
Suppose 64474434 + 37009756 = 395*o. Is o composite?
True
Let v be -5 + -1 + 11 + -1. Let s(w) = -23*w - 22. Let o(h) = 35*h + 33. Let m(r) = 5*o(r) + 7*s(r). Is m(v) composite?
False
Suppose -18*j + 20*j - 32 = 0. Suppose 8*v + 8 = j*v. Is -1 + (63295/25 - v/(-5)) prime?
True
Let v = -1327 + 3002. Let i = 1165 + -207. Let k = v - i. Is k a prime number?
False
Let h = -434 + 609. Is (h/(-7))/(-5) - -1*8882 prime?
True
Is (-8)/((-224)/796972) - 8*7/196 prime?
True
Suppose 0 = -6*j + 283 - 73. Let s = -26 + j. Suppose 0 = s*i - 4*i - 5015. Is i prime?
False
Let y(f) = f**2 - 10*f - 71. Let s be y(-5). Suppose 5*o - 4*q - 28007 = -q, -s*q + 22412 = 4*o. Is o a composite number?
True
Suppose 0 = 4*z + 5*j - 182102, 35*j + 10 = 40*j. Is z a composite number?
False
Suppose -1549552 - 1537763 + 665458 = -83*i. Is i a prime number?
True
Let s(y) be the second derivative of -1/10*y**5 + 7*y**2 + 5/3*y**3 - 19*y + 0 - 5/12*y**4. Is s(-5) a prime number?
True
Let r be -7 + (-6 - 22459)*2. Let j = 63050 + r. Is j a composite number?
True
Suppose 4*g = -5*v + 10 + 4, 3*g = -3*v + 9. Let u be (g - 145)/(4/824). Is u/(-27) - 2/(-6) composite?
True
Suppose 8*d - 33352 = -3*d. Suppose d + 1163 = 5*p. Is p prime?
True
Let i(c) = 113*c + 1. Let x be i(1). Let d be x*(68/8 + -2). Let u = d - 418. Is u composite?
True
Suppose -4*f = -37155 - 40029. Let p = f + -5903. Is p composite?
True
Let o(n) = 63*n**3 - 3*n**2 + 6*n - 41. Is o(5) a composite number?
False
Suppose -9*r + 4*r - 11823378 = -47*r. Is r a composite number?
False
Let k(i) = i**3 + 20*i**2 + 8*i - 7. Suppose -33 = -2*t - c + 6*c, -5*t - 2*c + 10 = 0. Suppose 19 = -t*n - 45. Is k(n) composite?
True
Let q(y) = 6*y - 162. Let o be q(26). Is 7514/10 - 1/((-15)/o) prime?
True
Suppose -24 = -58*y + 54*y. Is (0 - (-11246)/y)/(25/75) composite?
False
Suppose -11742 = -8*k - 11*k. Suppose 2*o - 1060 = -2*o. Let y = k - o. Is y a prime number?
True
Let a be 5/((-5)/(-2) + 0)*1. Is a/2*(13 - -10180) a prime number?
True
Let y(n) = 39*n**2 + 45*n - 43. Is y(-23) a prime number?
True
Let j = -217869 + 904151. Is j a prime number?
False
Suppose -r = 3*r + 5*q - 3096, 789 = r + 5*q. Let b = -1614 + r. Let x = -514 - b. Is x a prime number?
True
Is ((-91)/(5 - -2))/((-3 + 1)/69086) a prime number?
False
Suppose -7*y + 1279 = -569. Suppose -9496 = y*c - 272*c. Is c prime?
True
Suppose -4*u - 2*x = -16, 3*u = 6*u - 3*x - 12. Suppose 4*f - 20 = -u. Suppose -4*z + f*d = -2848, 5*d + 2833 = 3*z + 699. Is z prime?
False
Suppose 39791 + 252165 = 28*k. Is k a prime number?
True
Let k(f) = 53*f**2 - 3*f + 13. Let g = 55 + -51. Suppose 17 = 3*h + g*s, 0 = h - 3*s + 4*s - 5. Is k(h) a composite number?
True
Let g(p) = p**2 + 5*p + 6. Let v be g(-4). Suppose -2*h = 6 + v. Let f(u) = -23*u - 33. Is f(h) a prime number?
True
Is (-3 + -108628)/((-10)/((-100)/(-2))*5) composite?
False
Let m(o) = 19*o**2 - 14*o + 404. Is m(-59) a prime number?
True
Suppose -883*l + 1773*l = 866*l + 3647928. Is l a composite number?
True
Let m = -37381 + 4671. Let g = 50087 + m. Is g a prime number?
True
Is -2239427*(8 + (-828)/102) a prime number?
False
Suppose -235*u - 7*u + 53134246 = 0. Is u a composite number?
True
Suppose 170*j - 1463116 = 1590254. Is j a prime number?
False
Suppose 0 = 9*y + 4 - 4. Suppose 5*c - 25 = -y. Suppose -c*l + 220 = -u - 570, 158 = l + 4*u. Is l a prime number?
False
Suppose 73*o - 7446869 = 150314. Is o composite?
True
Suppose -3579145 + 931897 - 1321255 = -77*s. Is s prime?
True
Suppose 41*h = 37*h + 24. Let v(l) = 46*l + 44*l - 62*l - 39. Is v(h) prime?
False
Let d(c) = 5575*c**2 - 90*c + 1474. Is d(13) composite?
False
Suppose 223*t - 88 = 215*t. Suppose -8*x = -t*x + 3777. Is x a prime number?
True
Let h(v) = 20*v**2 + 10*v + 12. Let f be h(-9). Suppose 293 + f = 5*d. Suppose 0*q + 3*y - d = -2*q, 167 = q - 4*y. Is q composite?
False
Suppose 2349 = -4*v - 13939. Let o = 6303 + v. Is o a prime number?
False
Suppose -49*v - 3*p + 85694 = -44*v, 0 = 4*v + 2*p - 68554. Is v composite?
False
Let c(h) be the second derivative of 31*h**4/3 + 3*h**2/2 + 37*h. Is c(-2) prime?
True
Suppose -2*y = -119 + 99. Is (2 - 16/12)/(y/102345) composite?
False
Suppose -3 = -2*v + v. Suppose 0 = r - 5*z + 15 + 5, 4*r - v*z = 5. Suppose -1442 = -r*k + 1713. Is k a prime number?
True
Let b = -728152 - -2065641. Is b a composite number?
False
Let h be (32/(-20) + 1)*-5 + 2. Suppose 4*x - 10005 = -0*x + 5*v, h*x + 4*v - 12455 = 0. Is x prime?
False
Suppose 3948 = -5*n + 4*w, -2*n - n - 2368 = -2*w. Let x = 2011 + n. Suppose 2*b - x = -4*r + 1167, 0 = -2*r. Is b composite?
True
Let u(c) = 2230*c - 17. Let b be u(1). Is (6 + -7 + 4/2)*b composite?
False
Suppose -21973066 = -192*h + 11058806. Is h prime?
False
Suppose -5*u - 3*b = -3*u + 51, u - b + 23 = 0. Let c be u/(-36) - (-16)/(-6). Is 3669/4 - c/(-8) composite?
True
Suppose 0 = -p - 5*x + 17428 + 106974, 0 = -6*p - x + 746557. Is p a composite number?
False
Is (-1975895)/764*4/(-1) prime?
False
Suppose -3*s = -16 - 5. Let t be 12/s - 32/(-112). Suppose -t*r = -k + 365, k + 2*r - 127 = 242. Is k composite?
False
Let i(g) = g**3 - 4*g**2 + g. Let s be i(4). Suppose -s*a + 13460 = a. Suppose -4*r = 2*q - 1346, -q = 3*q + 5*r - a. Is q composite?
False
Suppose 3*x + 2*x = -3*f + 6, 5*f - 2*x = 10. Suppose 6*k + f*k - 57208 = 0. Suppose 5*p + k = 6*p. Is p 